vided by 20.
17
Suppose 2*l + 5*c - 62 = 163, 0 = -4*l + 4*c + 492. Let z(r) = r + 11. What is the remainder when l is divided by z(0)?
10
Let q = -3 - -22. Suppose 2*z + q = d + 2, 32 = 2*d - 3*z. What is the remainder when 29 + -3 + (-3)/1 is divided by d?
10
Let u be (15 - 20)*(-8)/10. Suppose 5*j - 3*b - 27 = j, u*j - 25 = b. Calculate the remainder when 3 is divided by (0 + 4/8)*j.
0
Let r be (((-2352)/(-35))/(-8))/(1/(-5)). Let a = 174 - r. What is the remainder when a is divided by 19?
18
Let c = -190 - -197. Calculate the remainder when 125 is divided by c.
6
Let v(w) be the second derivative of -w**5/20 - 5*w**4/3 + w**3/6 + 39*w**2/2 + 40*w. What is the remainder when 67 is divided by v(-20)?
10
Let p = 485 + -328. What is the remainder when p is divided by 5?
2
Suppose 4 = 2*f - 2. Suppose 2*y + f = 1. Calculate the remainder when 68 + (-3 - (-4 - y)) is divided by 23.
22
Let t(v) = v**3 - 4*v**2 - 2*v - 14. What is the remainder when 133 is divided by t(6)?
41
Let t = 148 - 36. Suppose y + 132 = 5*k - 2*y, 4*k = -4*y + t. What is the remainder when 80 is divided by k?
26
Suppose 36 = 3*j - 30. Let d(x) = -x**2 + 11*x + 2. What is the remainder when j + (-2)/(-6)*0 is divided by d(10)?
10
Let c = 371 - 260. What is the remainder when 147 is divided by ((-32)/(-48))/(2/c)?
36
Let z = 173 + -147. What is the remainder when z is divided by 10?
6
Suppose 2*f + 3*f + 4*j - 55 = 0, 3*j - 33 = -3*f. Suppose -5*y = -r - 0*r - 3, r + 2*y = f. Calculate the remainder when 20 is divided by r.
6
What is the remainder when (-44)/66*(-1842)/4 is divided by 17?
1
Let r(k) = k**3 + 8*k**2 + k + 5. Let g be r(-8). Let w = 13 + g. Calculate the remainder when (-3 - 132/(-20))*(-2 + 7) is divided by w.
8
Let d be -3 + 2 - 10*-4. Let k = d + -31. Let n(f) = 4*f**3 + 2*f**2 - 1. What is the remainder when k is divided by n(1)?
3
Suppose 0 = -3*l + 12 - 3. Let h(v) = -23*v - 2 - 25*v + 63*v. What is the remainder when h(l) is divided by 15?
13
Let s(i) = i**3 + i**2 - 7*i - 5. Let g be s(4). Suppose -g*r + 64 = -43*r. What is the remainder when r is divided by 9?
7
Let s be -9 + 3 + -4 + 0. Let b = s - -6. What is the remainder when 11 is divided by 3/((-57)/(-12) + b)?
3
Suppose -1048 = n + n. Let c = -43 - -52. Calculate the remainder when (-2)/(-8) + n/(-16) is divided by c.
6
Let x = -11 - -10. Let a be 2*1/(x/(-1)). Suppose 0*w - 14 = -a*w. What is the remainder when 13 is divided by w?
6
Suppose -24*w + 21*w = -33. Calculate the remainder when 50 is divided by w.
6
Suppose -13*k + 396 = -k. What is the remainder when 113 is divided by k?
14
Let l(z) = 2*z - 10. Let d be l(8). Suppose 0*s - d*s = -12. Suppose -11 - 47 = -s*m. What is the remainder when 56 is divided by m?
27
Suppose 5*k = r + 83, 0 = 2*k - 4*r - 0*r - 44. Let y = k - -22. Suppose z - y = -z. What is the remainder when z is divided by 11?
8
Let z(m) = -m - 3. Let j(k) = -3*k - 55. Let p(d) = d + 27. Let o(s) = -4*j(s) - 9*p(s). What is the remainder when o(11) is divided by z(-6)?
1
Let j = -8 + 20. Suppose -11*b = -j*b. Suppose b = 4*m - 8, -5*r + 3*r - m = -112. What is the remainder when r is divided by 19?
17
Suppose 8*s = j + 10*s - 499, -3*j + 1505 = -2*s. Suppose -20*d + j = 121. What is the remainder when d is divided by 13?
6
Suppose 5*f + 4*d = -9 + 32, -5*d = -4*f + 2. Calculate the remainder when f is divided by 1/3*(4 - 1).
0
Let t(n) = -119*n + 7. Let m be t(-2). Suppose 4*l = 5*a - 181, 0 = -5*a + 5*l - 65 + m. Calculate the remainder when a is divided by 19.
18
Let y(d) be the first derivative of -d**4/4 + 10*d**3/3 + 3*d**2 + 12*d - 5. Calculate the remainder when y(10) is divided by 25.
22
Let k be 5*(-7)/((-105)/6). Suppose 4*d - 70 = -3*q, 2*d + 22 + 48 = k*q. Calculate the remainder when 58 is divided by (q/8)/((-18)/(-96)).
18
Let d(h) = 2*h**2 + 8*h - 6. Let x be d(-6). Let a be (-9)/27*x/(-2). Calculate the remainder when 41 is divided by 3*a + (-4)/(-2).
8
Suppose r + a - 44 = -3*a, 4*a = 16. Calculate the remainder when (147/r)/(6/32) is divided by 10.
8
Let s(x) = 3*x**2 - 23*x + 20. What is the remainder when s(11) is divided by 11?
9
Calculate the remainder when (228/190)/((-4)/900*-3) is divided by 57.
33
Let f(u) = -20*u**3 - 22*u**2 + u - 6. Calculate the remainder when f(-3) is divided by 28.
25
Let y(n) = -n + 5*n - n - 4. Suppose -s + 5*c + 57 = 0, -5*s + c = -2*c - 329. What is the remainder when s is divided by y(7)?
16
Suppose 4*o - 36 = -4*k + 20, -2*o = -2*k + 20. Let a = 220 - 150. Calculate the remainder when a is divided by k.
10
Suppose 121*k = 119*k + 164. What is the remainder when 252 is divided by k?
6
Suppose -5*r + 124 = 3*n, -2*r + 18 + 40 = 4*n. What is the remainder when r is divided by (6/4)/((-6)/(-32))?
7
Let o(v) = 139*v**2 - 31*v - 57. Calculate the remainder when o(-2) is divided by 113.
109
Let j = 31 + 6. Suppose 0 = z - 6 - 7. Calculate the remainder when j is divided by z.
11
Let s = 89 - 37. What is the remainder when 11 is divided by s/10 + (-20)/(-25)?
5
Calculate the remainder when -1*(-52)/(-39)*-438 is divided by 193.
5
Suppose -2*k = 3*u - 9, -k - 6*u + 8*u = -1. Suppose 5*s = -5, -i + s + 5 = -4. Calculate the remainder when i is divided by k.
2
Let x(b) = -b**2 + 51*b - 53. What is the remainder when x(26) is divided by 75?
72
Let u = 54 - 20. Calculate the remainder when 66 is divided by u.
32
Suppose -2*k - k = -5*g - 55, -4*k = -g - 96. Let t be -2 - 0*(-1)/(-3). What is the remainder when 3/t*(-30 + -2) is divided by k?
23
Let y = 791 - 717. Calculate the remainder when y is divided by 33.
8
Calculate the remainder when 15*((-768)/864)/(1/(-12)) is divided by 65.
30
Let c = -244 + 264. Calculate the remainder when 95 is divided by c.
15
Suppose -113 = g - 145. What is the remainder when 303 is divided by g?
15
Let l(v) = -v. Let i be l(-6). Suppose -i*g + 40 = -302. Suppose w + 0*n = 2*n + 23, -4*n = 5*w - 59. What is the remainder when g is divided by w?
12
Calculate the remainder when 217 is divided by (-15)/10*(-3 - (-70)/(-6)).
19
Suppose -61 = -5*q + 124. What is the remainder when q is divided by -11 - -26 - 9 - -7?
11
Suppose 5*t = -0*t + 10. Let k(w) = w**3 + 3*w**2 - w - 1. Let g(j) = -j**3 - 11*j**2 - 3. Let f be g(-11). Calculate the remainder when t is divided by k(f).
0
Let j be 84*(52/28 - 1). Suppose f + 3*h = j, -f + 208 = 3*f - 4*h. Calculate the remainder when f is divided by 20.
17
Let n be (416 - 1) + -16 + 11. Suppose -g + n = 4*g. What is the remainder when g is divided by 18?
10
Calculate the remainder when (-24714)/(-144) + 3/8 is divided by 16.
12
Let g = -320 - -390. What is the remainder when 349 is divided by g?
69
Let m(t) = 7*t - 3. Let c = -3 + 6. Suppose 7*s = 2*s, -r + 70 = -4*s. Calculate the remainder when r is divided by m(c).
16
Let j = 22 + -16. Let r be (-16)/j + 10/15. Let k(g) = -g + 2. What is the remainder when 5 is divided by k(r)?
1
Let v(j) = 2*j + 25 + j + 111*j**2 - 7*j - 27. Calculate the remainder when v(-1) is divided by 23.
21
Let p(u) = 2*u**2 - 10*u - 8. Let a be p(6). Let s be (5 + -5)*(-1)/a. Suppose s*l = -l + 16. What is the remainder when 29 is divided by l?
13
Let p be (3 - -1)*((-20)/(-4) + 0). Suppose -5 = 4*u + u - 3*h, 0 = 5*u + 2*h - p. Calculate the remainder when 13 is divided by u.
1
Suppose -r - f = 3*r - 1601, -2*f - 1598 = -4*r. What is the remainder when 168 is divided by 2/3 - r/(-12)?
32
Let x(u) = 288*u**2 - 4*u + 3. Calculate the remainder when x(1) is divided by 8.
7
Suppose -8 = -2*x, 12*x - 14*x - 2053 = -3*d. Calculate the remainder when d is divided by 13.
11
Let s = 21 - 29. Let h = s + 13. Suppose -8*j + 32 = -4*j. What is the remainder when j is divided by h?
3
Let i = -39 - -61. Suppose 2*c = g - 20, 6*c + i = g + 2*c. Let d = -840 - -850. What is the remainder when g is divided by d?
8
Let c = 8 - -189. What is the remainder when c is divided by 40?
37
What is the remainder when 459 is divided by 0*5/(2 - 7) + 14?
11
Calculate the remainder when (-10822)/(-8) + 15/(-20) is divided by 123.
122
Let v = 78 - -19. Let m = v - 40. What is the remainder when m is divided by 12?
9
Let a(z) = -z**3 - 9*z**2 - 9*z - 5. Let y be a(-8). Suppose -83 - 199 = -y*p. What is the remainder when p is divided by 24?
22
Suppose 5*h + 16*r 